en 30800 is divided by 249?
173
What is the remainder when 2537432 is divided by 135?
107
Calculate the remainder when 43079442 is divided by 7179906.
6
What is the remainder when 498805 is divided by 309?
79
What is the remainder when 10456187 is divided by 24037?
92
Calculate the remainder when 50232 is divided by 399.
357
Calculate the remainder when 6243927 is divided by 70.
67
Calculate the remainder when 137061 is divided by 427.
421
What is the remainder when 245064 is divided by 1303?
100
Calculate the remainder when 1203819 is divided by 300196.
3035
What is the remainder when 204956 is divided by 911?
892
Calculate the remainder when 2058785 is divided by 29.
17
What is the remainder when 2058625 is divided by 338?
205
Calculate the remainder when 3969519 is divided by 26.
21
What is the remainder when 74568 is divided by 1179?
291
Calculate the remainder when 6387844 is divided by 200.
44
What is the remainder when 57927 is divided by 1756?
1735
What is the remainder when 1393302 is divided by 5664?
5622
Calculate the remainder when 38450340 is divided by 233.
214
Calculate the remainder when 9706587 is divided by 60.
27
Calculate the remainder when 14995533 is divided by 2102.
1967
Calculate the remainder when 908083 is divided by 1809.
1774
What is the remainder when 766979 is divided by 1311?
44
What is the remainder when 1826119 is divided by 355?
354
Calculate the remainder when 447714408 is divided by 18037.
18031
Calculate the remainder when 27507329 is divided by 1018789.
26
What is the remainder when 41428987 is divided by 31?
29
What is the remainder when 83372348 is divided by 43?
35
What is the remainder when 13639670 is divided by 1162?
114
What is the remainder when 31853 is divided by 31028?
825
What is the remainder when 1548869 is divided by 193?
44
What is the remainder when 183910 is divided by 832?
38
Calculate the remainder when 746996 is divided by 24088.
268
What is the remainder when 63347 is divided by 3521?
3490
Calculate the remainder when 9100481 is divided by 404.
381
Calculate the remainder when 74621 is divided by 71890.
2731
What is the remainder when 231046737 is divided by 43?
40
Calculate the remainder when 6701010 is divided by 2233645.
75
What is the remainder when 4192628 is divided by 108?
68
What is the remainder when 32380 is divided by 142?
4
Calculate the remainder when 60988 is divided by 2877.
571
What is the remainder when 2082548751 is divided by 791?
787
Calculate the remainder when 86225 is divided by 6267.
4754
What is the remainder when 16731890 is divided by 200?
90
What is the remainder when 685940 is divided by 149?
93
Calculate the remainder when 2324098 is divided by 26.
10
What is the remainder when 74734739 is divided by 354?
29
Calculate the remainder when 140566 is divided by 11677.
442
What is the remainder when 21044617 is divided by 751593?
13
What is the remainder when 13458442 is divided by 715?
712
What is the remainder when 6152124 is divided by 1296?
12
What is the remainder when 208353219 is divided by 1461?
9
Calculate the remainder when 1822547 is divided by 156.
155
What is the remainder when 2096533 is divided by 5651?
12
What is the remainder when 3033679 is divided by 65?
64
What is the remainder when 1900240 is divided by 1382?
1372
Calculate the remainder when 186179 is divided by 62059.
2
Calculate the remainder when 1342082 is divided by 1071.
119
Calculate the remainder when 1146830 is divided by 47784.
14
What is the remainder when 47415888 is divided by 7357?
23
What is the remainder when 39587 is divided by 1091?
311
What is the remainder when 42950608 is divided by 111560?
8
What is the remainder when 9357 is divided by 9230?
127
Calculate the remainder when 1218371 is divided by 1002.
941
Calculate the remainder when 7541800 is divided by 260.
240
Calculate the remainder when 1337328 is divided by 11633.
11166
Calculate the remainder when 337298 is divided by 4045.
1563
What is the remainder when 5821390 is divided by 49?
43
Calculate the remainder when 14847418 is divided by 12.
10
What is the remainder when 1446256 is divided by 854?
434
What is the remainder when 13020373 is divided by 375?
373
What is the remainder when 18224938 is divided by 2115?
2098
What is the remainder when 611537 is divided by 67948?
5
Calculate the remainder when 58186550 is divided by 29093250.
50
Calculate the remainder when 1231236 is divided by 42456.
12
Calculate the remainder when 41102 is divided by 1707.
134
What is the remainder when 21351225 is divided by 6?
3
Calculate the remainder when 24097 is divided by 1884.
1489
What is the remainder when 32870 is divided by 361?
19
Calculate the remainder when 292467 is divided by 236.
63
Calculate the remainder when 624343 is divided by 3092.
2851
What is the remainder when 68416511 is divided by 7883?
7837
What is the remainder when 11545632 is divided by 1024?
32
Calculate the remainder when 395167 is divided by 135.
22
Calculate the remainder when 1230348 is divided by 8.
4
What is the remainder when 2036887 is divided by 10720?
87
Calculate the remainder when 198161 is divided by 3261.
2501
Calculate the remainder when 28312 is divided by 25.
12
What is the remainder when 769266 is divided by 256356?
198
Calculate the remainder when 7621702 is divided by 1320.
22
What is the remainder when 11612256 is divided by 1935374?
12
Calculate the remainder when 5315045 is divided by 151858.
15
Calculate the remainder when 395061 is divided by 7453.
52
What is the remainder when 1406988 is divided by 24?
12
Calculate the remainder when 416377 is divided by 138787.
16
What is the remainder when 533964 is divided by 266979?
6
Calculate the remainder when 252372 is divided by 10515.
12
Calculate the remainder when 292897 is divided by 4679.
2799
What is the remainder when 185985 is divided by 1754?
61
Calculate the remainder when 473946 is divided by 94670.
596
What is the remainder when 789828 is divided by 720?
708
Calculate the remainder when 2068044 is divided by 2067484.
560
What is the remainder when 467485 is divided by 850?
835
Calculate the remainder when 984612 is divided by 140633.
181
Calculate the remainder when 17468832 is divided by 8734415.
2
What is the remainder when 10184832 is divided by 788?
720
What is the remainder when 1937380 is divided by 484305?
160
Calculate the remainder when 241146 is divided by 120570.
6
What is the remainder when 8070298 is divided by 105?
103
Calculate the remainder when 100987 is divided by 6619.
1702
Calculate the remainder when 17942953 is divided by 76.
37
What is the remainder when 158753 is divided by 5089?
994
Calculate the remainder when 253836 is divided by 28204.
0
What is the remainder when 88017 is divided by 2874?
1797
Calculate the remainder when 13030496 is divided by 6375.
6371
Calculate the remainder when 210928462 is divided by 248.
246
Calculate the remainder when 2095716 is divided by 349262.
144
What is the remainder when 416362872 is divided by 3386?
3382
Calculate the remainder when 4597234 is divided by 1532403.
25
Calculate the remainder when 342559 is divided by 24456.
175
What is the remainder when 36004589 is divided by 3600458?
9
Calculate the remainder when 6581528 is divided by 48752.
8
What is the remainder when 41543 is divided by 10303?
331
Calculate the remainder when 130619 is divided by 6865.
184
Calculate the remainder when 1339298 is divided by 6.
2
What is the remainder when 2426813737 is divided by 1487?
1484
What is the remainder when 2297866 is divided by 88?
10
What is the remainder when 19214 is divided by 300?
14
What is the remainder when 12598 is divided by 915?
703
Calculate the remainder when 85877 is divided by 81189.
4688
What is the remainder when 229033 is divided by 301?
273
Calculate the remainder when 4699117 is divided by 93.
13
What is the remainder when 5159501 is divided by 1719832?
5
What is the remainder when 1516120 is divided by 39897?
34
Calculate the remainder when 1771269 is divided by 432.
69
What is the remainder when 193044542 is divided by 32?
30
What is the remainder when 3013058 is divided by 9977?
4
Calculate the remainder when 3196805 is divided by 435.
425
Calculate the remainder when 5112497 is di